{"id":8613,"date":"2024-05-16T09:12:54","date_gmt":"2024-05-16T09:12:54","guid":{"rendered":"https:\/\/www.insel-moen.de\/miejsca-na-wyspie-moen\/plaza-rabylle\/"},"modified":"2024-05-16T09:12:56","modified_gmt":"2024-05-16T09:12:56","slug":"plaza-rabylle","status":"publish","type":"page","link":"https:\/\/www.insel-moen.de\/pl\/miejsca-na-wyspie-moen\/plaza-rabylle\/","title":{"rendered":"Pla\u017ca Rabylle"},"content":{"rendered":"\n<p>Rabylle Strand na du\u0144skiej wyspie M\u00f6n to prawdziwy nieodkryty skarb, kt\u00f3ry rzuca urok na ka\u017cdego odwiedzaj\u0105cego. Wyspa M\u00f6n znajduje si\u0119 na po\u0142udniu Danii i s\u0142ynie z malowniczych krajobraz\u00f3w i kredowo-bia\u0142ych klif\u00f3w, kt\u00f3re granicz\u0105 z morskim horyzontem.<\/p>\n\n<p>Rabylle Strand znajduje si\u0119 na p\u00f3\u0142nocno-zachodnim wybrze\u017cu wyspy i charakteryzuje si\u0119 szerokimi, z\u0142otymi piaszczystymi pla\u017cami i \u015bwie\u017cym morskim powietrzem. St\u0105d roztacza si\u0119 zapieraj\u0105cy dech w piersiach widok na Morze Ba\u0142tyckie, zw\u0142aszcza w miesi\u0105cach letnich, kiedy s\u0142o\u0144ce o\u015bwietla wod\u0119 w tysi\u0105cu b\u0142yszcz\u0105cych kolor\u00f3w. W oddali mo\u017cna obserwowa\u0107 \u017cagl\u00f3wki i promy p\u0142yn\u0105ce do Niemiec i Szwecji.<\/p>\n\n<p>Pla\u017ca jest wy\u0142o\u017cona charakterystycznymi chatkami pla\u017cowymi, kt\u00f3re s\u0105 pomalowane na jaskrawe kolory i tworz\u0105 ciekawy kontrast z b\u0142\u0119kitnym morzem i z\u0142otym piaskiem. Jest to idealne miejsce do opalania, p\u0142ywania i budowania zamk\u00f3w z piasku. Na skraju pla\u017cy znajduj\u0105 si\u0119 krajobrazy wydmowe, kt\u00f3re oferuj\u0105 wyj\u0105tkowe wra\u017cenia przyrodnicze i s\u0105 domem dla wielu rzadkich ro\u015blin i ptak\u00f3w.<\/p>\n\n<p>Rabylle Strand nie zawiedzie pod wzgl\u0119dem oferty gastronomicznej. Znajduje si\u0119 tu wiele restauracji i kawiarni, w kt\u00f3rych serwowane s\u0105 zar\u00f3wno tradycyjne dania kuchni du\u0144skiej, jak i mi\u0119dzynarodowe specja\u0142y. Mo\u017cna tu spr\u00f3bowa\u0107 wszystkiego, od \u015bwie\u017cych owoc\u00f3w morza po domowe ciasta i wypieki.<\/p>\n\n<p>Urocza wioska Stege, znana z \u0142adnych, kolorowych dom\u00f3w i zabytkowych budynk\u00f3w, znajduje si\u0119 w bezpo\u015brednim s\u0105siedztwie pla\u017cy Rabylle. Mo\u017cna tu spacerowa\u0107 brukowanymi uliczkami i odkrywa\u0107 lokalne sklepy i zak\u0142ady rzemie\u015blnicze.<\/p>\n\n<p>Mi\u0142o\u015bnicy przyrody i pieszych w\u0119dr\u00f3wek doceni\u0105 imponuj\u0105ce bia\u0142e kredowe klify M\u00f8ns Klint, kt\u00f3re znajduj\u0105 si\u0119 w odleg\u0142o\u015bci kr\u00f3tkiej przeja\u017cd\u017cki od Rabylle Strand. Ten spektakularny naturalny widok jest absolutn\u0105 konieczno\u015bci\u0105 dla ka\u017cdego odwiedzaj\u0105cego i oferuje zapieraj\u0105ce dech w piersiach widoki na Morze Ba\u0142tyckie i otaczaj\u0105cy krajobraz.<\/p>\n\n<p>Dzi\u0119ki spokojnej atmosferze, pi\u0119knej przyrodzie i r\u00f3\u017cnorodnym mo\u017cliwo\u015bciom sp\u0119dzania wolnego czasu, Rabylle Strand jest idealnym miejscem na relaksuj\u0105ce i niezapomniane wakacje.<\/p>\n\n<script type=\"text\/javascript\" src=\"https:\/\/p2026.atraveo.com\/index.php?controller=partnerintegration&#038;action=default&#038;art=search&#038;landiso=DK&#038;regionid=123&#038;ortid=153976&#038;lg=de&#038;cur=EUR&#038;versionname=weltfoto\"><\/script>","protected":false},"excerpt":{"rendered":"<p>Rabylle Strand na du\u0144skiej wyspie M\u00f6n to prawdziwy nieodkryty skarb, kt\u00f3ry rzuca urok na ka\u017cdego odwiedzaj\u0105cego. Wyspa M\u00f6n znajduje si\u0119 na po\u0142udniu Danii i s\u0142ynie z malowniczych krajobraz\u00f3w i kredowo-bia\u0142ych klif\u00f3w, kt\u00f3re granicz\u0105 z morskim horyzontem. Rabylle Strand znajduje si\u0119 na p\u00f3\u0142nocno-zachodnim wybrze\u017cu wyspy i charakteryzuje si\u0119 szerokimi, z\u0142otymi piaszczystymi pla\u017cami i \u015bwie\u017cym morskim powietrzem. [&hellip;]<\/p>\n","protected":false},"author":3,"featured_media":0,"parent":8552,"menu_order":0,"comment_status":"closed","ping_status":"closed","template":"","meta":{"footnotes":""},"class_list":["post-8613","page","type-page","status-publish","hentry"],"yoast_head":"<!-- This site is optimized with the Yoast SEO plugin v24.5 - https:\/\/yoast.com\/wordpress\/plugins\/seo\/ -->\n<title>Pla\u017ca Rabylle - Insel M\u00f6n<\/title>\n<meta name=\"robots\" content=\"index, follow, max-snippet:-1, max-image-preview:large, max-video-preview:-1\" \/>\n<link rel=\"canonical\" href=\"https:\/\/www.insel-moen.de\/pl\/miejsca-na-wyspie-moen\/plaza-rabylle\/\" \/>\n<meta property=\"og:locale\" content=\"pl_PL\" \/>\n<meta property=\"og:type\" content=\"article\" \/>\n<meta property=\"og:title\" content=\"Pla\u017ca Rabylle - Insel M\u00f6n\" \/>\n<meta property=\"og:description\" content=\"Rabylle Strand na du\u0144skiej wyspie M\u00f6n to prawdziwy nieodkryty skarb, kt\u00f3ry rzuca urok na ka\u017cdego odwiedzaj\u0105cego. Wyspa M\u00f6n znajduje si\u0119 na po\u0142udniu Danii i s\u0142ynie z malowniczych krajobraz\u00f3w i kredowo-bia\u0142ych klif\u00f3w, kt\u00f3re granicz\u0105 z morskim horyzontem. Rabylle Strand znajduje si\u0119 na p\u00f3\u0142nocno-zachodnim wybrze\u017cu wyspy i charakteryzuje si\u0119 szerokimi, z\u0142otymi piaszczystymi pla\u017cami i \u015bwie\u017cym morskim powietrzem. [&hellip;]\" \/>\n<meta property=\"og:url\" content=\"https:\/\/www.insel-moen.de\/pl\/miejsca-na-wyspie-moen\/plaza-rabylle\/\" \/>\n<meta property=\"og:site_name\" content=\"Insel M\u00f6n\" \/>\n<meta property=\"article:modified_time\" content=\"2024-05-16T09:12:56+00:00\" \/>\n<meta name=\"twitter:card\" content=\"summary_large_image\" \/>\n<meta name=\"twitter:label1\" content=\"Szacowany czas czytania\" \/>\n\t<meta name=\"twitter:data1\" content=\"2 minuty\" \/>\n<script type=\"application\/ld+json\" class=\"yoast-schema-graph\">{\"@context\":\"https:\/\/schema.org\",\"@graph\":[{\"@type\":\"WebPage\",\"@id\":\"https:\/\/www.insel-moen.de\/pl\/miejsca-na-wyspie-moen\/plaza-rabylle\/\",\"url\":\"https:\/\/www.insel-moen.de\/pl\/miejsca-na-wyspie-moen\/plaza-rabylle\/\",\"name\":\"Pla\u017ca Rabylle - Insel M\u00f6n\",\"isPartOf\":{\"@id\":\"https:\/\/www.insel-moen.de\/pl\/#website\"},\"datePublished\":\"2024-05-16T09:12:54+00:00\",\"dateModified\":\"2024-05-16T09:12:56+00:00\",\"breadcrumb\":{\"@id\":\"https:\/\/www.insel-moen.de\/pl\/miejsca-na-wyspie-moen\/plaza-rabylle\/#breadcrumb\"},\"inLanguage\":\"pl-PL\",\"potentialAction\":[{\"@type\":\"ReadAction\",\"target\":[\"https:\/\/www.insel-moen.de\/pl\/miejsca-na-wyspie-moen\/plaza-rabylle\/\"]}]},{\"@type\":\"BreadcrumbList\",\"@id\":\"https:\/\/www.insel-moen.de\/pl\/miejsca-na-wyspie-moen\/plaza-rabylle\/#breadcrumb\",\"itemListElement\":[{\"@type\":\"ListItem\",\"position\":1,\"name\":\"Startseite\",\"item\":\"https:\/\/www.insel-moen.de\/pl\/witamy-na-wyspie-moen\/\"},{\"@type\":\"ListItem\",\"position\":2,\"name\":\"Miejsca na wyspie M\u00f6n\",\"item\":\"https:\/\/www.insel-moen.de\/pl\/miejsca-na-wyspie-moen\/\"},{\"@type\":\"ListItem\",\"position\":3,\"name\":\"Pla\u017ca Rabylle\"}]},{\"@type\":\"WebSite\",\"@id\":\"https:\/\/www.insel-moen.de\/pl\/#website\",\"url\":\"https:\/\/www.insel-moen.de\/pl\/\",\"name\":\"Insel M\u00f6n\",\"description\":\"INSEL M\u00d6N - Urlaub in der D\u00e4nischen S\u00fcdsee\",\"publisher\":{\"@id\":\"https:\/\/www.insel-moen.de\/pl\/#organization\"},\"potentialAction\":[{\"@type\":\"SearchAction\",\"target\":{\"@type\":\"EntryPoint\",\"urlTemplate\":\"https:\/\/www.insel-moen.de\/pl\/?s={search_term_string}\"},\"query-input\":{\"@type\":\"PropertyValueSpecification\",\"valueRequired\":true,\"valueName\":\"search_term_string\"}}],\"inLanguage\":\"pl-PL\"},{\"@type\":\"Organization\",\"@id\":\"https:\/\/www.insel-moen.de\/pl\/#organization\",\"name\":\"www.insel-moen.de\",\"url\":\"https:\/\/www.insel-moen.de\/pl\/\",\"logo\":{\"@type\":\"ImageObject\",\"inLanguage\":\"pl-PL\",\"@id\":\"https:\/\/www.insel-moen.de\/pl\/#\/schema\/logo\/image\/\",\"url\":\"https:\/\/www.insel-moen.de\/wp-content\/uploads\/2023\/08\/cropped-daenemark-logo-neu-klein.png\",\"contentUrl\":\"https:\/\/www.insel-moen.de\/wp-content\/uploads\/2023\/08\/cropped-daenemark-logo-neu-klein.png\",\"width\":100,\"height\":101,\"caption\":\"www.insel-moen.de\"},\"image\":{\"@id\":\"https:\/\/www.insel-moen.de\/pl\/#\/schema\/logo\/image\/\"}}]}<\/script>\n<!-- \/ Yoast SEO plugin. -->","yoast_head_json":{"title":"Pla\u017ca Rabylle - Insel M\u00f6n","robots":{"index":"index","follow":"follow","max-snippet":"max-snippet:-1","max-image-preview":"max-image-preview:large","max-video-preview":"max-video-preview:-1"},"canonical":"https:\/\/www.insel-moen.de\/pl\/miejsca-na-wyspie-moen\/plaza-rabylle\/","og_locale":"pl_PL","og_type":"article","og_title":"Pla\u017ca Rabylle - Insel M\u00f6n","og_description":"Rabylle Strand na du\u0144skiej wyspie M\u00f6n to prawdziwy nieodkryty skarb, kt\u00f3ry rzuca urok na ka\u017cdego odwiedzaj\u0105cego. Wyspa M\u00f6n znajduje si\u0119 na po\u0142udniu Danii i s\u0142ynie z malowniczych krajobraz\u00f3w i kredowo-bia\u0142ych klif\u00f3w, kt\u00f3re granicz\u0105 z morskim horyzontem. Rabylle Strand znajduje si\u0119 na p\u00f3\u0142nocno-zachodnim wybrze\u017cu wyspy i charakteryzuje si\u0119 szerokimi, z\u0142otymi piaszczystymi pla\u017cami i \u015bwie\u017cym morskim powietrzem. [&hellip;]","og_url":"https:\/\/www.insel-moen.de\/pl\/miejsca-na-wyspie-moen\/plaza-rabylle\/","og_site_name":"Insel M\u00f6n","article_modified_time":"2024-05-16T09:12:56+00:00","twitter_card":"summary_large_image","twitter_misc":{"Szacowany czas czytania":"2 minuty"},"schema":{"@context":"https:\/\/schema.org","@graph":[{"@type":"WebPage","@id":"https:\/\/www.insel-moen.de\/pl\/miejsca-na-wyspie-moen\/plaza-rabylle\/","url":"https:\/\/www.insel-moen.de\/pl\/miejsca-na-wyspie-moen\/plaza-rabylle\/","name":"Pla\u017ca Rabylle - Insel M\u00f6n","isPartOf":{"@id":"https:\/\/www.insel-moen.de\/pl\/#website"},"datePublished":"2024-05-16T09:12:54+00:00","dateModified":"2024-05-16T09:12:56+00:00","breadcrumb":{"@id":"https:\/\/www.insel-moen.de\/pl\/miejsca-na-wyspie-moen\/plaza-rabylle\/#breadcrumb"},"inLanguage":"pl-PL","potentialAction":[{"@type":"ReadAction","target":["https:\/\/www.insel-moen.de\/pl\/miejsca-na-wyspie-moen\/plaza-rabylle\/"]}]},{"@type":"BreadcrumbList","@id":"https:\/\/www.insel-moen.de\/pl\/miejsca-na-wyspie-moen\/plaza-rabylle\/#breadcrumb","itemListElement":[{"@type":"ListItem","position":1,"name":"Startseite","item":"https:\/\/www.insel-moen.de\/pl\/witamy-na-wyspie-moen\/"},{"@type":"ListItem","position":2,"name":"Miejsca na wyspie M\u00f6n","item":"https:\/\/www.insel-moen.de\/pl\/miejsca-na-wyspie-moen\/"},{"@type":"ListItem","position":3,"name":"Pla\u017ca Rabylle"}]},{"@type":"WebSite","@id":"https:\/\/www.insel-moen.de\/pl\/#website","url":"https:\/\/www.insel-moen.de\/pl\/","name":"Insel M\u00f6n","description":"INSEL M\u00d6N - Urlaub in der D\u00e4nischen S\u00fcdsee","publisher":{"@id":"https:\/\/www.insel-moen.de\/pl\/#organization"},"potentialAction":[{"@type":"SearchAction","target":{"@type":"EntryPoint","urlTemplate":"https:\/\/www.insel-moen.de\/pl\/?s={search_term_string}"},"query-input":{"@type":"PropertyValueSpecification","valueRequired":true,"valueName":"search_term_string"}}],"inLanguage":"pl-PL"},{"@type":"Organization","@id":"https:\/\/www.insel-moen.de\/pl\/#organization","name":"www.insel-moen.de","url":"https:\/\/www.insel-moen.de\/pl\/","logo":{"@type":"ImageObject","inLanguage":"pl-PL","@id":"https:\/\/www.insel-moen.de\/pl\/#\/schema\/logo\/image\/","url":"https:\/\/www.insel-moen.de\/wp-content\/uploads\/2023\/08\/cropped-daenemark-logo-neu-klein.png","contentUrl":"https:\/\/www.insel-moen.de\/wp-content\/uploads\/2023\/08\/cropped-daenemark-logo-neu-klein.png","width":100,"height":101,"caption":"www.insel-moen.de"},"image":{"@id":"https:\/\/www.insel-moen.de\/pl\/#\/schema\/logo\/image\/"}}]}},"_links":{"self":[{"href":"https:\/\/www.insel-moen.de\/pl\/wp-json\/wp\/v2\/pages\/8613","targetHints":{"allow":["GET"]}}],"collection":[{"href":"https:\/\/www.insel-moen.de\/pl\/wp-json\/wp\/v2\/pages"}],"about":[{"href":"https:\/\/www.insel-moen.de\/pl\/wp-json\/wp\/v2\/types\/page"}],"author":[{"embeddable":true,"href":"https:\/\/www.insel-moen.de\/pl\/wp-json\/wp\/v2\/users\/3"}],"replies":[{"embeddable":true,"href":"https:\/\/www.insel-moen.de\/pl\/wp-json\/wp\/v2\/comments?post=8613"}],"version-history":[{"count":1,"href":"https:\/\/www.insel-moen.de\/pl\/wp-json\/wp\/v2\/pages\/8613\/revisions"}],"predecessor-version":[{"id":8617,"href":"https:\/\/www.insel-moen.de\/pl\/wp-json\/wp\/v2\/pages\/8613\/revisions\/8617"}],"up":[{"embeddable":true,"href":"https:\/\/www.insel-moen.de\/pl\/wp-json\/wp\/v2\/pages\/8552"}],"wp:attachment":[{"href":"https:\/\/www.insel-moen.de\/pl\/wp-json\/wp\/v2\/media?parent=8613"}],"curies":[{"name":"wp","href":"https:\/\/api.w.org\/{rel}","templated":true}]}}

Plaża Rabylle

<p>Rabylle Strand na duńskiej wyspie Mön to prawdziwy nieodkryty skarb, który rzuca urok na każdego odwiedzającego. Wyspa Mön znajduje się na południu Danii i słynie z malowniczych krajobrazów i kredowo-białych klifów, które graniczą z morskim horyzontem.</p>

<p>Rabylle Strand znajduje się na północno-zachodnim wybrzeżu wyspy i charakteryzuje się szerokimi, złotymi piaszczystymi plażami i świeżym morskim powietrzem. Stąd roztacza się zapierający dech w piersiach widok na Morze Bałtyckie, zwłaszcza w miesiącach letnich, kiedy słońce oświetla wodę w tysiącu błyszczących kolorów. W oddali można obserwować żaglówki i promy płynące do Niemiec i Szwecji.</p>

<p>Plaża jest wyłożona charakterystycznymi chatkami plażowymi, które są pomalowane na jaskrawe kolory i tworzą ciekawy kontrast z błękitnym morzem i złotym piaskiem. Jest to idealne miejsce do opalania, pływania i budowania zamków z piasku. Na skraju plaży znajdują się krajobrazy wydmowe, które oferują wyjątkowe wrażenia przyrodnicze i są domem dla wielu rzadkich roślin i ptaków.</p>

<p>Rabylle Strand nie zawiedzie pod względem oferty gastronomicznej. Znajduje się tu wiele restauracji i kawiarni, w których serwowane są zarówno tradycyjne dania kuchni duńskiej, jak i międzynarodowe specjały. Można tu spróbować wszystkiego, od świeżych owoców morza po domowe ciasta i wypieki.</p>

<p>Urocza wioska Stege, znana z ładnych, kolorowych domów i zabytkowych budynków, znajduje się w bezpośrednim sąsiedztwie plaży Rabylle. Można tu spacerować brukowanymi uliczkami i odkrywać lokalne sklepy i zakłady rzemieślnicze.</p>

<p>Miłośnicy przyrody i pieszych wędrówek docenią imponujące białe kredowe klify Møns Klint, które znajdują się w odległości krótkiej przejażdżki od Rabylle Strand. Ten spektakularny naturalny widok jest absolutną koniecznością dla każdego odwiedzającego i oferuje zapierające dech w piersiach widoki na Morze Bałtyckie i otaczający krajobraz.</p>

<p>Dzięki spokojnej atmosferze, pięknej przyrodzie i różnorodnym możliwościom spędzania wolnego czasu, Rabylle Strand jest idealnym miejscem na relaksujące i niezapomniane wakacje.</p>

<script type="text/javascript" src="https://p2026.atraveo.com/index.php?controller=partnerintegration&#038;action=default&#038;art=search&#038;landiso=DK&#038;regionid=123&#038;ortid=153976&#038;lg=de&#038;cur=EUR&#038;versionname=weltfoto"></script>

<p>Rabylle Strand na duńskiej wyspie Mön to prawdziwy nieodkryty skarb, który rzuca urok na każdego odwiedzającego. Wyspa Mön znajduje się na południu Danii i słynie z malowniczych krajobrazów i kredowo-białych klifów, które graniczą z morskim horyzontem. Rabylle Strand znajduje się na północno-zachodnim wybrzeżu wyspy i charakteryzuje się szerokimi, złotymi piaszczystymi plażami i świeżym morskim powietrzem. [&hellip;]</p>

<!-- This site is optimized with the Yoast SEO plugin v24.5 - https://yoast.com/wordpress/plugins/seo/ -->
<title>Plaża Rabylle - Insel Mön</title>
<meta name="robots" content="index, follow, max-snippet:-1, max-image-preview:large, max-video-preview:-1" />
<link rel="canonical" href="https://www.insel-moen.de/pl/miejsca-na-wyspie-moen/plaza-rabylle/" />
<meta property="og:locale" content="pl_PL" />
<meta property="og:type" content="article" />
<meta property="og:title" content="Plaża Rabylle - Insel Mön" />
<meta property="og:description" content="Rabylle Strand na duńskiej wyspie Mön to prawdziwy nieodkryty skarb, który rzuca urok na każdego odwiedzającego. Wyspa Mön znajduje się na południu Danii i słynie z malowniczych krajobrazów i kredowo-białych klifów, które graniczą z morskim horyzontem. Rabylle Strand znajduje się na północno-zachodnim wybrzeżu wyspy i charakteryzuje się szerokimi, złotymi piaszczystymi plażami i świeżym morskim powietrzem. [&hellip;]" />
<meta property="og:url" content="https://www.insel-moen.de/pl/miejsca-na-wyspie-moen/plaza-rabylle/" />
<meta property="og:site_name" content="Insel Mön" />
<meta property="article:modified_time" content="2024-05-16T09:12:56+00:00" />
<meta name="twitter:card" content="summary_large_image" />
<meta name="twitter:label1" content="Szacowany czas czytania" />
	<meta name="twitter:data1" content="2 minuty" />
<script type="application/ld+json" class="yoast-schema-graph">{"@context":"https://schema.org","@graph":[{"@type":"WebPage","@id":"https://www.insel-moen.de/pl/miejsca-na-wyspie-moen/plaza-rabylle/","url":"https://www.insel-moen.de/pl/miejsca-na-wyspie-moen/plaza-rabylle/","name":"Plaża Rabylle - Insel Mön","isPartOf":{"@id":"https://www.insel-moen.de/pl/#website"},"datePublished":"2024-05-16T09:12:54+00:00","dateModified":"2024-05-16T09:12:56+00:00","breadcrumb":{"@id":"https://www.insel-moen.de/pl/miejsca-na-wyspie-moen/plaza-rabylle/#breadcrumb"},"inLanguage":"pl-PL","potentialAction":[{"@type":"ReadAction","target":["https://www.insel-moen.de/pl/miejsca-na-wyspie-moen/plaza-rabylle/"]}]},{"@type":"BreadcrumbList","@id":"https://www.insel-moen.de/pl/miejsca-na-wyspie-moen/plaza-rabylle/#breadcrumb","itemListElement":[{"@type":"ListItem","position":1,"name":"Startseite","item":"https://www.insel-moen.de/pl/witamy-na-wyspie-moen/"},{"@type":"ListItem","position":2,"name":"Miejsca na wyspie Mön","item":"https://www.insel-moen.de/pl/miejsca-na-wyspie-moen/"},{"@type":"ListItem","position":3,"name":"Plaża Rabylle"}]},{"@type":"WebSite","@id":"https://www.insel-moen.de/pl/#website","url":"https://www.insel-moen.de/pl/","name":"Insel Mön","description":"INSEL MÖN - Urlaub in der Dänischen Südsee","publisher":{"@id":"https://www.insel-moen.de/pl/#organization"},"potentialAction":[{"@type":"SearchAction","target":{"@type":"EntryPoint","urlTemplate":"https://www.insel-moen.de/pl/?s={search_term_string}"},"query-input":{"@type":"PropertyValueSpecification","valueRequired":true,"valueName":"search_term_string"}}],"inLanguage":"pl-PL"},{"@type":"Organization","@id":"https://www.insel-moen.de/pl/#organization","name":"www.insel-moen.de","url":"https://www.insel-moen.de/pl/","logo":{"@type":"ImageObject","inLanguage":"pl-PL","@id":"https://www.insel-moen.de/pl/#/schema/logo/image/","url":"https://www.insel-moen.de/wp-content/uploads/2023/08/cropped-daenemark-logo-neu-klein.png","contentUrl":"https://www.insel-moen.de/wp-content/uploads/2023/08/cropped-daenemark-logo-neu-klein.png","width":100,"height":101,"caption":"www.insel-moen.de"},"image":{"@id":"https://www.insel-moen.de/pl/#/schema/logo/image/"}}]}</script>
<!-- / Yoast SEO plugin. -->

Plaża Rabylle - Insel Mön

Rabylle Strand na duńskiej wyspie Mön to prawdziwy nieodkryty skarb, który rzuca urok na każdego odwiedzającego. Wyspa Mön znajduje się na południu Danii i słynie z malowniczych krajobrazów i kredowo-białych klifów, które graniczą z morskim horyzontem. Rabylle Strand znajduje się na północno-zachodnim wybrzeżu wyspy i charakteryzuje się szerokimi, złotymi piaszczystymi plażami i świeżym morskim powietrzem. [&hellip;]

Insel Mön

Miejsca na wyspie Mön

INSEL MÖN - Urlaub in der Dänischen Südsee
