{"id":8050,"date":"2024-05-16T08:16:36","date_gmt":"2024-05-16T08:16:36","guid":{"rendered":"https:\/\/www.insel-moen.de\/o-nas\/"},"modified":"2024-05-16T08:16:57","modified_gmt":"2024-05-16T08:16:57","slug":"o-nas","status":"publish","type":"page","link":"https:\/\/www.insel-moen.de\/cs\/o-nas\/","title":{"rendered":"O n\u00e1s"},"content":{"rendered":"\n<p><strong>V\u00e1\u0161 \u010das je drahocenn\u00fd. Pou\u017eijte ji na to, co je opravdu d\u016fle\u017eit\u00e9: \u010cas s rodinou, kon\u00ed\u010dky, pro t\u011blo i du\u0161i. \u010cas pro v\u00e1s. Insel-moen.de je va\u0161\u00edm pr\u016fvodcem po nezapomenuteln\u00fdch chv\u00edl\u00edch na ostrov\u011b M\u00f8n.<\/strong><\/p>\n\n<p>Od d\u011btstv\u00ed, kter\u00e9 jsem pro\u017eil v Rostocku po sjednocen\u00ed, m\u011b to v\u017edycky t\u00e1hlo do D\u00e1nska. Vyrostl jsem na p\u0159\u00edb\u011bz\u00edch o p\u0159\u00e1telsk\u00e9 zemi na severu a dobrodru\u017estv\u00edch Olsenovy bandy. Poprv\u00e9 jsem na M\u00f8n vyrazil p\u0159ed 20 lety a okam\u017eit\u011b jsem si zamiloval zvl\u00e1\u0161tn\u00ed sv\u011btlo, kter\u00e9 se odr\u00e1\u017e\u00ed ve vod\u011b, a p\u0159ekvapivou rozmanitost krajiny &#8211; od bahnit\u00fdch pl\u00e1n\u00ed po kopce. Ve Stege jsem objevil mal\u00e9, jemn\u00e9 \u0159eznictv\u00ed a p\u016fvabn\u00e9 penziony. Postupem \u010dasu se M\u00f8n stal m\u00edstem, kter\u00e9 jsem nenav\u0161t\u011bvovala jen sama nebo s d\u00edt\u011btem, ale m\u00edstem, o kter\u00e9 jsem se cht\u011bla pod\u011blit se sv\u011btem.<\/p>\n\n<p><strong>Zrod spole\u010dnosti Insel-Moen.de<\/strong><\/p>\n\n<p>M\u00e9 nad\u0161en\u00ed pro M\u00f8n a omezen\u00e1 kapacita mal\u00e9ho ostrova m\u011b p\u0159ivedly k vytvo\u0159en\u00ed webu Insel-Moen.de. Odezva byla ohromuj\u00edc\u00ed. Dlouho p\u0159edt\u00edm, ne\u017e se objevily rezerva\u010dn\u00ed port\u00e1ly, jsem dost\u00e1val \u010detn\u00e9 dotazy na <a href=\"https:\/\/www.insel-moen.de\/bed-breakfast\/\">p\u0159enocov\u00e1n\u00ed<\/a>, kter\u00e9 jsem zpo\u010d\u00e1tku p\u0159ed\u00e1val \u00fa\u017easn\u00e9 Susanne Noehrov\u00e9. Dnes dost\u00e1v\u00e1m malou provizi za ka\u017edou rezervaci prost\u0159ednictv\u00edm webu. Nezbohatnu na tom &#8211; ale to ani nen\u00ed c\u00edlem. C\u00edlem je pod\u011blit se s v\u00e1mi o kr\u00e1sy M\u00f8nu.<\/p>\n\n<p><strong>Insel-Moen.de &#8211; V\u00edce ne\u017e jen webov\u00e9 str\u00e1nky<\/strong><\/p>\n\n<p>Na str\u00e1nk\u00e1ch Insel-Moen.de najdete v\u0161e, po \u010dem va\u0161e srdce tou\u017e\u00ed: od tajn\u00fdch turistick\u00fdch tras a\u017e po nejlep\u0161\u00ed piknikov\u00e1 m\u00edsta a kulturn\u00ed poklady. Tyto str\u00e1nky jsou v\u00fdsledkem m\u00e9 l\u00e1sky k ostrovu a touhy pod\u011blit se o ni s v\u00e1mi. Ka\u017ed\u00e9 doporu\u010den\u00ed, ka\u017ed\u00fd p\u0159\u00edb\u011bh je kousek m\u00e9ho srdce.<\/p>\n\n<p><strong>Rezervace &#8211; Podpora projektu<\/strong><\/p>\n\n<p>Ka\u017ed\u00e1 <a href=\"https:\/\/www.insel-moen.de\/ferienhaus\/ferienhaus-moen-mit-meerblick\/\">rezervace<\/a> p\u0159es Insel-Moen.de pom\u00e1h\u00e1 udr\u017eet tento projekt p\u0159i \u017eivot\u011b. V\u00fdb\u011br je sice omezen\u00fd, ale pr\u00e1v\u011b proto je M\u00f8n tak okouzluj\u00edc\u00ed. Zam\u011b\u0159ujeme se sp\u00ed\u0161e na kvalitu ne\u017e na kvantitu, na z\u00e1\u017eitky, na kter\u00e9 se nezapom\u00edn\u00e1.<\/p>\n\n<p><strong>Pod\u011bkov\u00e1n\u00ed<\/strong><\/p>\n\n<p>R\u00e1d bych pod\u011bkoval v\u0161em, kte\u0159\u00ed sv\u00fdmi rezervacemi p\u0159isp\u00edvaj\u00ed k pokra\u010dov\u00e1n\u00ed a roz\u0161i\u0159ov\u00e1n\u00ed Insel-Moen.de. M\u00fdm c\u00edlem je, aby se tyto str\u00e1nky staly nejen vstupn\u00ed branou na M\u00f8n, ale i m\u00edstem, kde se milovn\u00edci tohoto jedine\u010dn\u00e9ho ostrova mohou setk\u00e1vat, vym\u011b\u0148ovat si n\u00e1zory a inspirovat se.<\/p>\n\n<p><strong>V\u00edtejte na M\u00f8nu &#8211; va\u0161em ostrov\u011b pro v\u00fdjime\u010dn\u00e9 chv\u00edle<\/strong><\/p>\n","protected":false},"excerpt":{"rendered":"<p>V\u00e1\u0161 \u010das je drahocenn\u00fd. Pou\u017eijte ji na to, co je opravdu d\u016fle\u017eit\u00e9: \u010cas s rodinou, kon\u00ed\u010dky, pro t\u011blo i du\u0161i. \u010cas pro v\u00e1s. Insel-moen.de je va\u0161\u00edm pr\u016fvodcem po nezapomenuteln\u00fdch chv\u00edl\u00edch na ostrov\u011b M\u00f8n. Od d\u011btstv\u00ed, kter\u00e9 jsem pro\u017eil v Rostocku po sjednocen\u00ed, m\u011b to v\u017edycky t\u00e1hlo do D\u00e1nska. Vyrostl jsem na p\u0159\u00edb\u011bz\u00edch o p\u0159\u00e1telsk\u00e9 zemi [&hellip;]<\/p>\n","protected":false},"author":3,"featured_media":0,"parent":0,"menu_order":0,"comment_status":"closed","ping_status":"closed","template":"","meta":{"footnotes":""},"class_list":["post-8050","page","type-page","status-publish","hentry"],"yoast_head":"<!-- This site is optimized with the Yoast SEO plugin v24.5 - https:\/\/yoast.com\/wordpress\/plugins\/seo\/ -->\n<title>O n\u00e1s - Insel M\u00f6n<\/title>\n<meta name=\"robots\" content=\"index, follow, max-snippet:-1, max-image-preview:large, max-video-preview:-1\" \/>\n<link rel=\"canonical\" href=\"https:\/\/www.insel-moen.de\/cs\/o-nas\/\" \/>\n<meta property=\"og:locale\" content=\"cs_CZ\" \/>\n<meta property=\"og:type\" content=\"article\" \/>\n<meta property=\"og:title\" content=\"O n\u00e1s - Insel M\u00f6n\" \/>\n<meta property=\"og:description\" content=\"V\u00e1\u0161 \u010das je drahocenn\u00fd. Pou\u017eijte ji na to, co je opravdu d\u016fle\u017eit\u00e9: \u010cas s rodinou, kon\u00ed\u010dky, pro t\u011blo i du\u0161i. \u010cas pro v\u00e1s. Insel-moen.de je va\u0161\u00edm pr\u016fvodcem po nezapomenuteln\u00fdch chv\u00edl\u00edch na ostrov\u011b M\u00f8n. Od d\u011btstv\u00ed, kter\u00e9 jsem pro\u017eil v Rostocku po sjednocen\u00ed, m\u011b to v\u017edycky t\u00e1hlo do D\u00e1nska. Vyrostl jsem na p\u0159\u00edb\u011bz\u00edch o p\u0159\u00e1telsk\u00e9 zemi [&hellip;]\" \/>\n<meta property=\"og:url\" content=\"https:\/\/www.insel-moen.de\/cs\/o-nas\/\" \/>\n<meta property=\"og:site_name\" content=\"Insel M\u00f6n\" \/>\n<meta property=\"article:modified_time\" content=\"2024-05-16T08:16:57+00:00\" \/>\n<meta name=\"twitter:card\" content=\"summary_large_image\" \/>\n<meta name=\"twitter:label1\" content=\"Odhadovan\u00e1 doba \u010dten\u00ed\" \/>\n\t<meta name=\"twitter:data1\" content=\"2 minuty\" \/>\n<script type=\"application\/ld+json\" class=\"yoast-schema-graph\">{\"@context\":\"https:\/\/schema.org\",\"@graph\":[{\"@type\":\"WebPage\",\"@id\":\"https:\/\/www.insel-moen.de\/cs\/o-nas\/\",\"url\":\"https:\/\/www.insel-moen.de\/cs\/o-nas\/\",\"name\":\"O n\u00e1s - Insel M\u00f6n\",\"isPartOf\":{\"@id\":\"https:\/\/www.insel-moen.de\/cs\/#website\"},\"datePublished\":\"2024-05-16T08:16:36+00:00\",\"dateModified\":\"2024-05-16T08:16:57+00:00\",\"breadcrumb\":{\"@id\":\"https:\/\/www.insel-moen.de\/cs\/o-nas\/#breadcrumb\"},\"inLanguage\":\"cs\",\"potentialAction\":[{\"@type\":\"ReadAction\",\"target\":[\"https:\/\/www.insel-moen.de\/cs\/o-nas\/\"]}]},{\"@type\":\"BreadcrumbList\",\"@id\":\"https:\/\/www.insel-moen.de\/cs\/o-nas\/#breadcrumb\",\"itemListElement\":[{\"@type\":\"ListItem\",\"position\":1,\"name\":\"Startseite\",\"item\":\"https:\/\/www.insel-moen.de\/cs\/vitejte-na-ostrove-moen\/\"},{\"@type\":\"ListItem\",\"position\":2,\"name\":\"O n\u00e1s\"}]},{\"@type\":\"WebSite\",\"@id\":\"https:\/\/www.insel-moen.de\/cs\/#website\",\"url\":\"https:\/\/www.insel-moen.de\/cs\/\",\"name\":\"Insel M\u00f6n\",\"description\":\"INSEL M\u00d6N - Urlaub in der D\u00e4nischen S\u00fcdsee\",\"publisher\":{\"@id\":\"https:\/\/www.insel-moen.de\/cs\/#organization\"},\"potentialAction\":[{\"@type\":\"SearchAction\",\"target\":{\"@type\":\"EntryPoint\",\"urlTemplate\":\"https:\/\/www.insel-moen.de\/cs\/?s={search_term_string}\"},\"query-input\":{\"@type\":\"PropertyValueSpecification\",\"valueRequired\":true,\"valueName\":\"search_term_string\"}}],\"inLanguage\":\"cs\"},{\"@type\":\"Organization\",\"@id\":\"https:\/\/www.insel-moen.de\/cs\/#organization\",\"name\":\"www.insel-moen.de\",\"url\":\"https:\/\/www.insel-moen.de\/cs\/\",\"logo\":{\"@type\":\"ImageObject\",\"inLanguage\":\"cs\",\"@id\":\"https:\/\/www.insel-moen.de\/cs\/#\/schema\/logo\/image\/\",\"url\":\"https:\/\/www.insel-moen.de\/wp-content\/uploads\/2023\/08\/cropped-daenemark-logo-neu-klein.png\",\"contentUrl\":\"https:\/\/www.insel-moen.de\/wp-content\/uploads\/2023\/08\/cropped-daenemark-logo-neu-klein.png\",\"width\":100,\"height\":101,\"caption\":\"www.insel-moen.de\"},\"image\":{\"@id\":\"https:\/\/www.insel-moen.de\/cs\/#\/schema\/logo\/image\/\"}}]}<\/script>\n<!-- \/ Yoast SEO plugin. -->","yoast_head_json":{"title":"O n\u00e1s - Insel M\u00f6n","robots":{"index":"index","follow":"follow","max-snippet":"max-snippet:-1","max-image-preview":"max-image-preview:large","max-video-preview":"max-video-preview:-1"},"canonical":"https:\/\/www.insel-moen.de\/cs\/o-nas\/","og_locale":"cs_CZ","og_type":"article","og_title":"O n\u00e1s - Insel M\u00f6n","og_description":"V\u00e1\u0161 \u010das je drahocenn\u00fd. Pou\u017eijte ji na to, co je opravdu d\u016fle\u017eit\u00e9: \u010cas s rodinou, kon\u00ed\u010dky, pro t\u011blo i du\u0161i. \u010cas pro v\u00e1s. Insel-moen.de je va\u0161\u00edm pr\u016fvodcem po nezapomenuteln\u00fdch chv\u00edl\u00edch na ostrov\u011b M\u00f8n. Od d\u011btstv\u00ed, kter\u00e9 jsem pro\u017eil v Rostocku po sjednocen\u00ed, m\u011b to v\u017edycky t\u00e1hlo do D\u00e1nska. Vyrostl jsem na p\u0159\u00edb\u011bz\u00edch o p\u0159\u00e1telsk\u00e9 zemi [&hellip;]","og_url":"https:\/\/www.insel-moen.de\/cs\/o-nas\/","og_site_name":"Insel M\u00f6n","article_modified_time":"2024-05-16T08:16:57+00:00","twitter_card":"summary_large_image","twitter_misc":{"Odhadovan\u00e1 doba \u010dten\u00ed":"2 minuty"},"schema":{"@context":"https:\/\/schema.org","@graph":[{"@type":"WebPage","@id":"https:\/\/www.insel-moen.de\/cs\/o-nas\/","url":"https:\/\/www.insel-moen.de\/cs\/o-nas\/","name":"O n\u00e1s - Insel M\u00f6n","isPartOf":{"@id":"https:\/\/www.insel-moen.de\/cs\/#website"},"datePublished":"2024-05-16T08:16:36+00:00","dateModified":"2024-05-16T08:16:57+00:00","breadcrumb":{"@id":"https:\/\/www.insel-moen.de\/cs\/o-nas\/#breadcrumb"},"inLanguage":"cs","potentialAction":[{"@type":"ReadAction","target":["https:\/\/www.insel-moen.de\/cs\/o-nas\/"]}]},{"@type":"BreadcrumbList","@id":"https:\/\/www.insel-moen.de\/cs\/o-nas\/#breadcrumb","itemListElement":[{"@type":"ListItem","position":1,"name":"Startseite","item":"https:\/\/www.insel-moen.de\/cs\/vitejte-na-ostrove-moen\/"},{"@type":"ListItem","position":2,"name":"O n\u00e1s"}]},{"@type":"WebSite","@id":"https:\/\/www.insel-moen.de\/cs\/#website","url":"https:\/\/www.insel-moen.de\/cs\/","name":"Insel M\u00f6n","description":"INSEL M\u00d6N - Urlaub in der D\u00e4nischen S\u00fcdsee","publisher":{"@id":"https:\/\/www.insel-moen.de\/cs\/#organization"},"potentialAction":[{"@type":"SearchAction","target":{"@type":"EntryPoint","urlTemplate":"https:\/\/www.insel-moen.de\/cs\/?s={search_term_string}"},"query-input":{"@type":"PropertyValueSpecification","valueRequired":true,"valueName":"search_term_string"}}],"inLanguage":"cs"},{"@type":"Organization","@id":"https:\/\/www.insel-moen.de\/cs\/#organization","name":"www.insel-moen.de","url":"https:\/\/www.insel-moen.de\/cs\/","logo":{"@type":"ImageObject","inLanguage":"cs","@id":"https:\/\/www.insel-moen.de\/cs\/#\/schema\/logo\/image\/","url":"https:\/\/www.insel-moen.de\/wp-content\/uploads\/2023\/08\/cropped-daenemark-logo-neu-klein.png","contentUrl":"https:\/\/www.insel-moen.de\/wp-content\/uploads\/2023\/08\/cropped-daenemark-logo-neu-klein.png","width":100,"height":101,"caption":"www.insel-moen.de"},"image":{"@id":"https:\/\/www.insel-moen.de\/cs\/#\/schema\/logo\/image\/"}}]}},"_links":{"self":[{"href":"https:\/\/www.insel-moen.de\/cs\/wp-json\/wp\/v2\/pages\/8050","targetHints":{"allow":["GET"]}}],"collection":[{"href":"https:\/\/www.insel-moen.de\/cs\/wp-json\/wp\/v2\/pages"}],"about":[{"href":"https:\/\/www.insel-moen.de\/cs\/wp-json\/wp\/v2\/types\/page"}],"author":[{"embeddable":true,"href":"https:\/\/www.insel-moen.de\/cs\/wp-json\/wp\/v2\/users\/3"}],"replies":[{"embeddable":true,"href":"https:\/\/www.insel-moen.de\/cs\/wp-json\/wp\/v2\/comments?post=8050"}],"version-history":[{"count":3,"href":"https:\/\/www.insel-moen.de\/cs\/wp-json\/wp\/v2\/pages\/8050\/revisions"}],"predecessor-version":[{"id":8227,"href":"https:\/\/www.insel-moen.de\/cs\/wp-json\/wp\/v2\/pages\/8050\/revisions\/8227"}],"wp:attachment":[{"href":"https:\/\/www.insel-moen.de\/cs\/wp-json\/wp\/v2\/media?parent=8050"}],"curies":[{"name":"wp","href":"https:\/\/api.w.org\/{rel}","templated":true}]}}

O nás

<p><strong>Váš čas je drahocenný. Použijte ji na to, co je opravdu důležité: Čas s rodinou, koníčky, pro tělo i duši. Čas pro vás. Insel-moen.de je vaším průvodcem po nezapomenutelných chvílích na ostrově Møn.</strong></p>

<p>Od dětství, které jsem prožil v Rostocku po sjednocení, mě to vždycky táhlo do Dánska. Vyrostl jsem na příbězích o přátelské zemi na severu a dobrodružstvích Olsenovy bandy. Poprvé jsem na Møn vyrazil před 20 lety a okamžitě jsem si zamiloval zvláštní světlo, které se odráží ve vodě, a překvapivou rozmanitost krajiny &#8211; od bahnitých plání po kopce. Ve Stege jsem objevil malé, jemné řeznictví a půvabné penziony. Postupem času se Møn stal místem, které jsem nenavštěvovala jen sama nebo s dítětem, ale místem, o které jsem se chtěla podělit se světem.</p>

<p><strong>Zrod společnosti Insel-Moen.de</strong></p>

<p>Mé nadšení pro Møn a omezená kapacita malého ostrova mě přivedly k vytvoření webu Insel-Moen.de. Odezva byla ohromující. Dlouho předtím, než se objevily rezervační portály, jsem dostával četné dotazy na <a href="https://www.insel-moen.de/bed-breakfast/">přenocování</a>, které jsem zpočátku předával úžasné Susanne Noehrové. Dnes dostávám malou provizi za každou rezervaci prostřednictvím webu. Nezbohatnu na tom &#8211; ale to ani není cílem. Cílem je podělit se s vámi o krásy Mønu.</p>

<p><strong>Insel-Moen.de &#8211; Více než jen webové stránky</strong></p>

<p>Na stránkách Insel-Moen.de najdete vše, po čem vaše srdce touží: od tajných turistických tras až po nejlepší pikniková místa a kulturní poklady. Tyto stránky jsou výsledkem mé lásky k ostrovu a touhy podělit se o ni s vámi. Každé doporučení, každý příběh je kousek mého srdce.</p>

<p><strong>Rezervace &#8211; Podpora projektu</strong></p>

<p>Každá <a href="https://www.insel-moen.de/ferienhaus/ferienhaus-moen-mit-meerblick/">rezervace</a> přes Insel-Moen.de pomáhá udržet tento projekt při životě. Výběr je sice omezený, ale právě proto je Møn tak okouzlující. Zaměřujeme se spíše na kvalitu než na kvantitu, na zážitky, na které se nezapomíná.</p>

<p><strong>Poděkování</strong></p>

<p>Rád bych poděkoval všem, kteří svými rezervacemi přispívají k pokračování a rozšiřování Insel-Moen.de. Mým cílem je, aby se tyto stránky staly nejen vstupní branou na Møn, ale i místem, kde se milovníci tohoto jedinečného ostrova mohou setkávat, vyměňovat si názory a inspirovat se.</p>

<p><strong>Vítejte na Mønu &#8211; vašem ostrově pro výjimečné chvíle</strong></p>

<p>Váš čas je drahocenný. Použijte ji na to, co je opravdu důležité: Čas s rodinou, koníčky, pro tělo i duši. Čas pro vás. Insel-moen.de je vaším průvodcem po nezapomenutelných chvílích na ostrově Møn. Od dětství, které jsem prožil v Rostocku po sjednocení, mě to vždycky táhlo do Dánska. Vyrostl jsem na příbězích o přátelské zemi [&hellip;]</p>

<!-- This site is optimized with the Yoast SEO plugin v24.5 - https://yoast.com/wordpress/plugins/seo/ -->
<title>O nás - Insel Mön</title>
<meta name="robots" content="index, follow, max-snippet:-1, max-image-preview:large, max-video-preview:-1" />
<link rel="canonical" href="https://www.insel-moen.de/cs/o-nas/" />
<meta property="og:locale" content="cs_CZ" />
<meta property="og:type" content="article" />
<meta property="og:title" content="O nás - Insel Mön" />
<meta property="og:description" content="Váš čas je drahocenný. Použijte ji na to, co je opravdu důležité: Čas s rodinou, koníčky, pro tělo i duši. Čas pro vás. Insel-moen.de je vaším průvodcem po nezapomenutelných chvílích na ostrově Møn. Od dětství, které jsem prožil v Rostocku po sjednocení, mě to vždycky táhlo do Dánska. Vyrostl jsem na příbězích o přátelské zemi [&hellip;]" />
<meta property="og:url" content="https://www.insel-moen.de/cs/o-nas/" />
<meta property="og:site_name" content="Insel Mön" />
<meta property="article:modified_time" content="2024-05-16T08:16:57+00:00" />
<meta name="twitter:card" content="summary_large_image" />
<meta name="twitter:label1" content="Odhadovaná doba čtení" />
	<meta name="twitter:data1" content="2 minuty" />
<script type="application/ld+json" class="yoast-schema-graph">{"@context":"https://schema.org","@graph":[{"@type":"WebPage","@id":"https://www.insel-moen.de/cs/o-nas/","url":"https://www.insel-moen.de/cs/o-nas/","name":"O nás - Insel Mön","isPartOf":{"@id":"https://www.insel-moen.de/cs/#website"},"datePublished":"2024-05-16T08:16:36+00:00","dateModified":"2024-05-16T08:16:57+00:00","breadcrumb":{"@id":"https://www.insel-moen.de/cs/o-nas/#breadcrumb"},"inLanguage":"cs","potentialAction":[{"@type":"ReadAction","target":["https://www.insel-moen.de/cs/o-nas/"]}]},{"@type":"BreadcrumbList","@id":"https://www.insel-moen.de/cs/o-nas/#breadcrumb","itemListElement":[{"@type":"ListItem","position":1,"name":"Startseite","item":"https://www.insel-moen.de/cs/vitejte-na-ostrove-moen/"},{"@type":"ListItem","position":2,"name":"O nás"}]},{"@type":"WebSite","@id":"https://www.insel-moen.de/cs/#website","url":"https://www.insel-moen.de/cs/","name":"Insel Mön","description":"INSEL MÖN - Urlaub in der Dänischen Südsee","publisher":{"@id":"https://www.insel-moen.de/cs/#organization"},"potentialAction":[{"@type":"SearchAction","target":{"@type":"EntryPoint","urlTemplate":"https://www.insel-moen.de/cs/?s={search_term_string}"},"query-input":{"@type":"PropertyValueSpecification","valueRequired":true,"valueName":"search_term_string"}}],"inLanguage":"cs"},{"@type":"Organization","@id":"https://www.insel-moen.de/cs/#organization","name":"www.insel-moen.de","url":"https://www.insel-moen.de/cs/","logo":{"@type":"ImageObject","inLanguage":"cs","@id":"https://www.insel-moen.de/cs/#/schema/logo/image/","url":"https://www.insel-moen.de/wp-content/uploads/2023/08/cropped-daenemark-logo-neu-klein.png","contentUrl":"https://www.insel-moen.de/wp-content/uploads/2023/08/cropped-daenemark-logo-neu-klein.png","width":100,"height":101,"caption":"www.insel-moen.de"},"image":{"@id":"https://www.insel-moen.de/cs/#/schema/logo/image/"}}]}</script>
<!-- / Yoast SEO plugin. -->

O nás - Insel Mön

Váš čas je drahocenný. Použijte ji na to, co je opravdu důležité: Čas s rodinou, koníčky, pro tělo i duši. Čas pro vás. Insel-moen.de je vaším průvodcem po nezapomenutelných chvílích na ostrově Møn. Od dětství, které jsem prožil v Rostocku po sjednocení, mě to vždycky táhlo do Dánska. Vyrostl jsem na příbězích o přátelské zemi [&hellip;]

Insel Mön

INSEL MÖN - Urlaub in der Dänischen Südsee
