{"id":7902,"date":"2024-05-16T08:16:21","date_gmt":"2024-05-16T08:16:21","guid":{"rendered":"https:\/\/www.insel-moen.de\/mapa-rekreacnich-domu\/"},"modified":"2024-05-16T08:16:59","modified_gmt":"2024-05-16T08:16:59","slug":"mapa-rekreacnich-domu","status":"publish","type":"page","link":"https:\/\/www.insel-moen.de\/cs\/mapa-rekreacnich-domu\/","title":{"rendered":"Mapa rekrea\u010dn\u00edch dom\u016f"},"content":{"rendered":"\n<div class=\"folium-map\" id=\"map_f144d66010399af5d5dc369205c20b5b\"><\/div>\n","protected":false},"excerpt":{"rendered":"","protected":false},"author":3,"featured_media":0,"parent":0,"menu_order":0,"comment_status":"closed","ping_status":"closed","template":"","meta":{"footnotes":""},"class_list":["post-7902","page","type-page","status-publish","hentry"],"yoast_head":"<!-- This site is optimized with the Yoast SEO plugin v24.5 - https:\/\/yoast.com\/wordpress\/plugins\/seo\/ -->\n<title>Mapa rekrea\u010dn\u00edch dom\u016f - Insel M\u00f6n<\/title>\n<meta name=\"robots\" content=\"index, follow, max-snippet:-1, max-image-preview:large, max-video-preview:-1\" \/>\n<link rel=\"canonical\" href=\"https:\/\/www.insel-moen.de\/cs\/mapa-rekreacnich-domu\/\" \/>\n<meta property=\"og:locale\" content=\"cs_CZ\" \/>\n<meta property=\"og:type\" content=\"article\" \/>\n<meta property=\"og:title\" content=\"Mapa rekrea\u010dn\u00edch dom\u016f - Insel M\u00f6n\" \/>\n<meta property=\"og:url\" content=\"https:\/\/www.insel-moen.de\/cs\/mapa-rekreacnich-domu\/\" \/>\n<meta property=\"og:site_name\" content=\"Insel M\u00f6n\" \/>\n<meta property=\"article:modified_time\" content=\"2024-05-16T08:16:59+00:00\" \/>\n<meta name=\"twitter:card\" content=\"summary_large_image\" \/>\n<script type=\"application\/ld+json\" class=\"yoast-schema-graph\">{\"@context\":\"https:\/\/schema.org\",\"@graph\":[{\"@type\":\"WebPage\",\"@id\":\"https:\/\/www.insel-moen.de\/cs\/mapa-rekreacnich-domu\/\",\"url\":\"https:\/\/www.insel-moen.de\/cs\/mapa-rekreacnich-domu\/\",\"name\":\"Mapa rekrea\u010dn\u00edch dom\u016f - Insel M\u00f6n\",\"isPartOf\":{\"@id\":\"https:\/\/www.insel-moen.de\/cs\/#website\"},\"datePublished\":\"2024-05-16T08:16:21+00:00\",\"dateModified\":\"2024-05-16T08:16:59+00:00\",\"breadcrumb\":{\"@id\":\"https:\/\/www.insel-moen.de\/cs\/mapa-rekreacnich-domu\/#breadcrumb\"},\"inLanguage\":\"cs\",\"potentialAction\":[{\"@type\":\"ReadAction\",\"target\":[\"https:\/\/www.insel-moen.de\/cs\/mapa-rekreacnich-domu\/\"]}]},{\"@type\":\"BreadcrumbList\",\"@id\":\"https:\/\/www.insel-moen.de\/cs\/mapa-rekreacnich-domu\/#breadcrumb\",\"itemListElement\":[{\"@type\":\"ListItem\",\"position\":1,\"name\":\"Startseite\",\"item\":\"https:\/\/www.insel-moen.de\/cs\/vitejte-na-ostrove-moen\/\"},{\"@type\":\"ListItem\",\"position\":2,\"name\":\"Mapa rekrea\u010dn\u00edch dom\u016f\"}]},{\"@type\":\"WebSite\",\"@id\":\"https:\/\/www.insel-moen.de\/cs\/#website\",\"url\":\"https:\/\/www.insel-moen.de\/cs\/\",\"name\":\"Insel M\u00f6n\",\"description\":\"INSEL M\u00d6N - Urlaub in der D\u00e4nischen S\u00fcdsee\",\"publisher\":{\"@id\":\"https:\/\/www.insel-moen.de\/cs\/#organization\"},\"potentialAction\":[{\"@type\":\"SearchAction\",\"target\":{\"@type\":\"EntryPoint\",\"urlTemplate\":\"https:\/\/www.insel-moen.de\/cs\/?s={search_term_string}\"},\"query-input\":{\"@type\":\"PropertyValueSpecification\",\"valueRequired\":true,\"valueName\":\"search_term_string\"}}],\"inLanguage\":\"cs\"},{\"@type\":\"Organization\",\"@id\":\"https:\/\/www.insel-moen.de\/cs\/#organization\",\"name\":\"www.insel-moen.de\",\"url\":\"https:\/\/www.insel-moen.de\/cs\/\",\"logo\":{\"@type\":\"ImageObject\",\"inLanguage\":\"cs\",\"@id\":\"https:\/\/www.insel-moen.de\/cs\/#\/schema\/logo\/image\/\",\"url\":\"https:\/\/www.insel-moen.de\/wp-content\/uploads\/2023\/08\/cropped-daenemark-logo-neu-klein.png\",\"contentUrl\":\"https:\/\/www.insel-moen.de\/wp-content\/uploads\/2023\/08\/cropped-daenemark-logo-neu-klein.png\",\"width\":100,\"height\":101,\"caption\":\"www.insel-moen.de\"},\"image\":{\"@id\":\"https:\/\/www.insel-moen.de\/cs\/#\/schema\/logo\/image\/\"}}]}<\/script>\n<!-- \/ Yoast SEO plugin. -->","yoast_head_json":{"title":"Mapa rekrea\u010dn\u00edch dom\u016f - Insel M\u00f6n","robots":{"index":"index","follow":"follow","max-snippet":"max-snippet:-1","max-image-preview":"max-image-preview:large","max-video-preview":"max-video-preview:-1"},"canonical":"https:\/\/www.insel-moen.de\/cs\/mapa-rekreacnich-domu\/","og_locale":"cs_CZ","og_type":"article","og_title":"Mapa rekrea\u010dn\u00edch dom\u016f - Insel M\u00f6n","og_url":"https:\/\/www.insel-moen.de\/cs\/mapa-rekreacnich-domu\/","og_site_name":"Insel M\u00f6n","article_modified_time":"2024-05-16T08:16:59+00:00","twitter_card":"summary_large_image","schema":{"@context":"https:\/\/schema.org","@graph":[{"@type":"WebPage","@id":"https:\/\/www.insel-moen.de\/cs\/mapa-rekreacnich-domu\/","url":"https:\/\/www.insel-moen.de\/cs\/mapa-rekreacnich-domu\/","name":"Mapa rekrea\u010dn\u00edch dom\u016f - Insel M\u00f6n","isPartOf":{"@id":"https:\/\/www.insel-moen.de\/cs\/#website"},"datePublished":"2024-05-16T08:16:21+00:00","dateModified":"2024-05-16T08:16:59+00:00","breadcrumb":{"@id":"https:\/\/www.insel-moen.de\/cs\/mapa-rekreacnich-domu\/#breadcrumb"},"inLanguage":"cs","potentialAction":[{"@type":"ReadAction","target":["https:\/\/www.insel-moen.de\/cs\/mapa-rekreacnich-domu\/"]}]},{"@type":"BreadcrumbList","@id":"https:\/\/www.insel-moen.de\/cs\/mapa-rekreacnich-domu\/#breadcrumb","itemListElement":[{"@type":"ListItem","position":1,"name":"Startseite","item":"https:\/\/www.insel-moen.de\/cs\/vitejte-na-ostrove-moen\/"},{"@type":"ListItem","position":2,"name":"Mapa rekrea\u010dn\u00edch dom\u016f"}]},{"@type":"WebSite","@id":"https:\/\/www.insel-moen.de\/cs\/#website","url":"https:\/\/www.insel-moen.de\/cs\/","name":"Insel M\u00f6n","description":"INSEL M\u00d6N - Urlaub in der D\u00e4nischen S\u00fcdsee","publisher":{"@id":"https:\/\/www.insel-moen.de\/cs\/#organization"},"potentialAction":[{"@type":"SearchAction","target":{"@type":"EntryPoint","urlTemplate":"https:\/\/www.insel-moen.de\/cs\/?s={search_term_string}"},"query-input":{"@type":"PropertyValueSpecification","valueRequired":true,"valueName":"search_term_string"}}],"inLanguage":"cs"},{"@type":"Organization","@id":"https:\/\/www.insel-moen.de\/cs\/#organization","name":"www.insel-moen.de","url":"https:\/\/www.insel-moen.de\/cs\/","logo":{"@type":"ImageObject","inLanguage":"cs","@id":"https:\/\/www.insel-moen.de\/cs\/#\/schema\/logo\/image\/","url":"https:\/\/www.insel-moen.de\/wp-content\/uploads\/2023\/08\/cropped-daenemark-logo-neu-klein.png","contentUrl":"https:\/\/www.insel-moen.de\/wp-content\/uploads\/2023\/08\/cropped-daenemark-logo-neu-klein.png","width":100,"height":101,"caption":"www.insel-moen.de"},"image":{"@id":"https:\/\/www.insel-moen.de\/cs\/#\/schema\/logo\/image\/"}}]}},"_links":{"self":[{"href":"https:\/\/www.insel-moen.de\/cs\/wp-json\/wp\/v2\/pages\/7902","targetHints":{"allow":["GET"]}}],"collection":[{"href":"https:\/\/www.insel-moen.de\/cs\/wp-json\/wp\/v2\/pages"}],"about":[{"href":"https:\/\/www.insel-moen.de\/cs\/wp-json\/wp\/v2\/types\/page"}],"author":[{"embeddable":true,"href":"https:\/\/www.insel-moen.de\/cs\/wp-json\/wp\/v2\/users\/3"}],"replies":[{"embeddable":true,"href":"https:\/\/www.insel-moen.de\/cs\/wp-json\/wp\/v2\/comments?post=7902"}],"version-history":[{"count":3,"href":"https:\/\/www.insel-moen.de\/cs\/wp-json\/wp\/v2\/pages\/7902\/revisions"}],"predecessor-version":[{"id":8233,"href":"https:\/\/www.insel-moen.de\/cs\/wp-json\/wp\/v2\/pages\/7902\/revisions\/8233"}],"wp:attachment":[{"href":"https:\/\/www.insel-moen.de\/cs\/wp-json\/wp\/v2\/media?parent=7902"}],"curies":[{"name":"wp","href":"https:\/\/api.w.org\/{rel}","templated":true}]}}

Mapa rekreačních domů

<!-- This site is optimized with the Yoast SEO plugin v24.5 - https://yoast.com/wordpress/plugins/seo/ -->
<title>Mapa rekreačních domů - Insel Mön</title>
<meta name="robots" content="index, follow, max-snippet:-1, max-image-preview:large, max-video-preview:-1" />
<link rel="canonical" href="https://www.insel-moen.de/cs/mapa-rekreacnich-domu/" />
<meta property="og:locale" content="cs_CZ" />
<meta property="og:type" content="article" />
<meta property="og:title" content="Mapa rekreačních domů - Insel Mön" />
<meta property="og:url" content="https://www.insel-moen.de/cs/mapa-rekreacnich-domu/" />
<meta property="og:site_name" content="Insel Mön" />
<meta property="article:modified_time" content="2024-05-16T08:16:59+00:00" />
<meta name="twitter:card" content="summary_large_image" />
<script type="application/ld+json" class="yoast-schema-graph">{"@context":"https://schema.org","@graph":[{"@type":"WebPage","@id":"https://www.insel-moen.de/cs/mapa-rekreacnich-domu/","url":"https://www.insel-moen.de/cs/mapa-rekreacnich-domu/","name":"Mapa rekreačních domů - Insel Mön","isPartOf":{"@id":"https://www.insel-moen.de/cs/#website"},"datePublished":"2024-05-16T08:16:21+00:00","dateModified":"2024-05-16T08:16:59+00:00","breadcrumb":{"@id":"https://www.insel-moen.de/cs/mapa-rekreacnich-domu/#breadcrumb"},"inLanguage":"cs","potentialAction":[{"@type":"ReadAction","target":["https://www.insel-moen.de/cs/mapa-rekreacnich-domu/"]}]},{"@type":"BreadcrumbList","@id":"https://www.insel-moen.de/cs/mapa-rekreacnich-domu/#breadcrumb","itemListElement":[{"@type":"ListItem","position":1,"name":"Startseite","item":"https://www.insel-moen.de/cs/vitejte-na-ostrove-moen/"},{"@type":"ListItem","position":2,"name":"Mapa rekreačních domů"}]},{"@type":"WebSite","@id":"https://www.insel-moen.de/cs/#website","url":"https://www.insel-moen.de/cs/","name":"Insel Mön","description":"INSEL MÖN - Urlaub in der Dänischen Südsee","publisher":{"@id":"https://www.insel-moen.de/cs/#organization"},"potentialAction":[{"@type":"SearchAction","target":{"@type":"EntryPoint","urlTemplate":"https://www.insel-moen.de/cs/?s={search_term_string}"},"query-input":{"@type":"PropertyValueSpecification","valueRequired":true,"valueName":"search_term_string"}}],"inLanguage":"cs"},{"@type":"Organization","@id":"https://www.insel-moen.de/cs/#organization","name":"www.insel-moen.de","url":"https://www.insel-moen.de/cs/","logo":{"@type":"ImageObject","inLanguage":"cs","@id":"https://www.insel-moen.de/cs/#/schema/logo/image/","url":"https://www.insel-moen.de/wp-content/uploads/2023/08/cropped-daenemark-logo-neu-klein.png","contentUrl":"https://www.insel-moen.de/wp-content/uploads/2023/08/cropped-daenemark-logo-neu-klein.png","width":100,"height":101,"caption":"www.insel-moen.de"},"image":{"@id":"https://www.insel-moen.de/cs/#/schema/logo/image/"}}]}</script>
<!-- / Yoast SEO plugin. -->

Mapa rekreačních domů - Insel Mön

Insel Mön

INSEL MÖN - Urlaub in der Dänischen Südsee
